
56
Calculate the remainder when 264327 is divided by 12014.
19
Calculate the remainder when 423 is divided by 105.
3
What is the remainder when 327193 is divided by 15?
13
Calculate the remainder when 7030 is divided by 105.
100
What is the remainder when 735 is divided by 124?
115
Calculate the remainder when 1531 is divided by 328.
219
What is the remainder when 1273 is divided by 180?
13
What is the remainder when 7618 is divided by 1563?
1366
Calculate the remainder when 1385020 is divided by 913.
912
What is the remainder when 2733 is divided by 301?
24
What is the remainder when 4703 is divided by 147?
146
Calculate the remainder when 4253 is divided by 2.
1
Calculate the remainder when 13914 is divided by 535.
4
What is the remainder when 2169 is divided by 385?
244
What is the remainder when 17026 is divided by 181?
12
Calculate the remainder when 7648 is divided by 83.
12
Calculate the remainder when 1544 is divided by 229.
170
Calculate the remainder when 2285 is divided by 21.
17
Calculate the remainder when 97201 is divided by 14.
13
What is the remainder when 19636 is divided by 9817?
2
What is the remainder when 6767 is divided by 19?
3
Calculate the remainder when 83071 is divided by 2081.
1912
Calculate the remainder when 5566 is divided by 1373.
74
What is the remainder when 38493 is divided by 401?
398
Calculate the remainder when 550 is divided by 2.
0
Calculate the remainder when 4861 is divided by 488.
469
What is the remainder when 220996 is divided by 250?
246
What is the remainder when 1628 is divided by 407?
0
What is the remainder when 9203 is divided by 318?
299
Calculate the remainder when 9842 is divided by 724.
430
Calculate the remainder when 1084717 is divided by 17.
15
What is the remainder when 136360 is divided by 1091?
1076
What is the remainder when 19970 is divided by 870?
830
What is the remainder when 9233 is divided by 776?
697
Calculate the remainder when 474276 is divided by 334.
330
What is the remainder when 21352 is divided by 19?
15
What is the remainder when 3833331 is divided by 18?
15
Calculate the remainder when 40087 is divided by 8016.
7
What is the remainder when 528 is divided by 134?
126
Calculate the remainder when 57647 is divided by 10.
7
What is the remainder when 8779 is divided by 56?
43
What is the remainder when 3982 is divided by 1612?
758
What is the remainder when 73468 is divided by 23?
6
What is the remainder when 92601 is divided by 12?
9
What is the remainder when 387627 is divided by 202?
191
What is the remainder when 97764 is divided by 173?
19
What is the remainder when 10940 is divided by 2641?
376
Calculate the remainder when 35513 is divided by 111.
104
Calculate the remainder when 2336819 is divided by 87.
86
What is the remainder when 6672 is divided by 789?
360
Calculate the remainder when 4345 is divided by 2064.
217
Calculate the remainder when 3363 is divided by 240.
3
Calculate the remainder when 159982 is divided by 19996.
14
What is the remainder when 9307 is divided by 427?
340
Calculate the remainder when 50239 is divided by 10.
9
What is the remainder when 12073 is divided by 4018?
19
Calculate the remainder when 184 is divided by 16.
8
Calculate the remainder when 339575 is divided by 1681.
13
What is the remainder when 27732 is divided by 1537?
66
What is the remainder when 1603 is divided by 326?
299
What is the remainder when 1256 is divided by 401?
53
Calculate the remainder when 7525 is divided by 437.
96
Calculate the remainder when 122347 is divided by 61170.
7
What is the remainder when 110678 is divided by 86?
82
What is the remainder when 938 is divided by 889?
49
What is the remainder when 28771 is divided by 28759?
12
What is the remainder when 440 is divided by 92?
72
Calculate the remainder when 1071 is divided by 641.
430
What is the remainder when 12443 is divided by 224?
123
What is the remainder when 3947496 is divided by 22?
14
What is the remainder when 662 is divided by 127?
27
Calculate the remainder when 8930 is divided by 740.
50
What is the remainder when 309667 is divided by 4?
3
Calculate the remainder when 32680 is divided by 495.
10
Calculate the remainder when 6160 is divided by 310.
270
Calculate the remainder when 6027 is divided by 57.
42
Calculate the remainder when 101246 is divided by 397.
11
What is the remainder when 68620 is divided by 517?
376
What is the remainder when 2145 is divided by 63?
3
What is the remainder when 8305 is divided by 1642?
95
Calculate the remainder when 55140 is divided by 18346.
102
Calculate the remainder when 669939 is divided by 380.
379
What is the remainder when 614776 is divided by 131?
124
What is the remainder when 33931 is divided by 90?
1
Calculate the remainder when 288246 is divided by 422.
20
What is the remainder when 99378 is divided by 99371?
7
What is the remainder when 18102 is divided by 1392?
6
What is the remainder when 6845 is divided by 56?
13
Calculate the remainder when 14953 is divided by 340.
333
Calculate the remainder when 254760 is divided by 183.
24
What is the remainder when 17719 is divided by 8853?
13
What is the remainder when 12188 is divided by 1712?
204
Calculate the remainder when 803562 is divided by 20089.
2
Calculate the remainder when 3658 is divided by 888.
106
Calculate the remainder when 110761 is divided by 31.
29
What is the remainder when 1341 is divided by 148?
9
What is the remainder when 9454 is divided by 156?
94
What is the remainder when 5688 is divided by 50?
38
Calculate the remainder when 2999 is divided by 796.
611
What is the remainder when 948 is divided by 104?
12
Calculate the remainder when 293254 is divided by 146623.
8
What is the remainder when 198105 is divided by 119?
89
Calculate the remainder when 411 is divided by 57.
12
What is the remainder when 3320 is divided by 197?
168
Calculate the remainder when 36159 is divided by 32.
31
Calculate the remainder when 592867 is divided by 74108.
3
What is the remainder when 36740 is divided by 42?
32
Calculate the remainder when 1304 is divided by 156.
56
Calculate the remainder when 1950 is divided by 121.
14
Calculate the remainder when 4413 is divided by 1272.
597
What is the remainder when 1666 is divided by 287?
231
What is the remainder when 107392 is divided by 1433?
1350
Calculate the remainder when 4742896 is divided by 1075.
1071
Calculate the remainder when 93150 is divided by 164.
162
What is the remainder when 44172 is divided by 320?
12
Calculate the remainder when 8410 is divided by 19.
12
What is the remainder when 6120 is divided by 25?
20
What is the remainder when 1884 is divided by 137?
103
What is the remainder when 1546932 is divided by 18?
12
Calculate the remainder when 14773 is divided by 14757.
16
Calculate the remainder when 3530 is divided by 876.
26
What is the remainder when 2523 is divided by 19?
15
What is the remainder when 7594 is divided by 317?
303
What is the remainder when 183030 is divided by 529?
525
Calculate the remainder when 5287 is divided by 529.
526
Calculate the remainder when 8172 is divided by 1021.
4
What is the remainder when 1495 is divided by 75?
70
Calculate the remainder when 16148 is divided by 703.
682
Calculate the remainder when 175 is divided by 53.
16
Calculate the remainder when 637 is divided by 38.
29
Calculate the remainder when 218089 is divided by 4194.
1
Calculate the remainder when 139488 is divided by 377.
375
What is the remainder when 20165 is divided by 67?
65
Calculate the remainder when 38403 is divided by 51.
0
Calculate the remainder when 161 is divided by 104.
57
Calculate the remainder when 2992 is divided by 51.
34
Calculate the remainder when 143252 is divided by 250.
2
Calculate the remainder when 23068 is divided by 525.
493
Calculate the remainder when 10330 is divided by 9.
7
Calculate the remainder when 4087 is divided by 29.
27
Calculate the remainder when 14571 is divided by 368.
219
Calculate the remainder when 8827 is divided by 47.
38
What is the remainder when 64412 is divided by 72?
44
Calculate the remainder when 15791 is divided by 23.
13
Calculate the remainder when 43609 is divided by 35.
34
What is the remainder when 9761 is divided by 2963?
872
Calculate the remainder when 17